5
What is the highest common factor of 266341 and 249842?
2357
What is the greatest common factor of 4963680 and 3060?
180
Calculate the highest common factor of 2985647 and 9954.
553
What is the greatest common factor of 4741828 and 12740?
2548
What is the highest common factor of 1113392 and 12208?
112
What is the greatest common divisor of 316 and 149432?
4
Calculate the highest common divisor of 223185 and 22740.
15
Calculate the greatest common divisor of 527 and 7031327.
31
What is the highest common divisor of 60 and 20811990?
30
What is the greatest common factor of 3122457 and 146211?
897
What is the greatest common factor of 68530 and 203810?
890
Calculate the highest common factor of 21872 and 2862498.
2734
Calculate the greatest common factor of 79146749 and 1012.
253
What is the highest common factor of 264 and 484072?
8
Calculate the highest common factor of 32220 and 2177460.
180
What is the greatest common factor of 2075106396 and 4092?
4092
What is the greatest common divisor of 22260 and 359852934?
2226
Calculate the greatest common divisor of 3724 and 667772.
196
What is the highest common divisor of 1164 and 696623736?
1164
What is the greatest common factor of 3011697 and 3627?
117
What is the greatest common factor of 185134480 and 620?
620
Calculate the greatest common divisor of 126 and 4847598.
126
What is the highest common factor of 1590 and 41532?
6
What is the greatest common divisor of 1128 and 4987728?
24
What is the highest common factor of 15669515 and 1180?
295
Calculate the highest common factor of 1501890 and 78.
78
What is the greatest common divisor of 25830 and 5110056?
126
Calculate the highest common factor of 1261819 and 8463.
13
Calculate the highest common divisor of 334 and 125283901.
167
What is the highest common factor of 26455 and 7083835?
2035
What is the highest common divisor of 33538156 and 223628?
6044
Calculate the greatest common factor of 15 and 208394085.
15
What is the highest common factor of 18562671 and 3?
3
What is the greatest common factor of 8700 and 14090172?
348
Calculate the highest common divisor of 12944223 and 846.
423
Calculate the highest common factor of 3852 and 6016503.
321
What is the highest common factor of 126 and 466973514?
126
Calculate the highest common divisor of 300 and 723942.
6
Calculate the greatest common factor of 185 and 40453580.
185
What is the greatest common divisor of 11470680 and 72?
72
What is the highest common divisor of 14821515 and 18?
9
What is the highest common factor of 725 and 309524395?
145
What is the greatest common factor of 35778819 and 1857?
1857
Calculate the greatest common divisor of 1133 and 8623984.
103
What is the highest common factor of 28443 and 22039832?
499
What is the highest common divisor of 496209 and 147?
21
What is the highest common divisor of 87639 and 21353?
131
Calculate the greatest common divisor of 2212786 and 6532.
142
What is the highest common divisor of 8 and 455132?
4
Calculate the highest common factor of 16222044 and 84.
12
Calculate the greatest common factor of 378702238 and 118.
118
What is the highest common divisor of 871251774 and 3288?
822
Calculate the greatest common factor of 285 and 8610375.
15
Calculate the highest common divisor of 18387 and 865551.
681
What is the highest common factor of 86189 and 154682?
79
Calculate the greatest common divisor of 259720645 and 85.
85
What is the greatest common divisor of 72116994 and 48?
6
Calculate the highest common divisor of 144562341 and 231.
231
Calculate the greatest common divisor of 8822 and 240614.
22
What is the greatest common divisor of 3647 and 620219761?
3647
What is the greatest common divisor of 3206124 and 4482?
1494
Calculate the greatest common factor of 203 and 2377298.
7
What is the greatest common factor of 58913491 and 4732?
91
Calculate the greatest common divisor of 288 and 64737.
9
What is the greatest common factor of 105435 and 13234045?
3905
Calculate the greatest common divisor of 2564 and 26587398.
1282
What is the greatest common divisor of 9170 and 108500?
70
What is the greatest common divisor of 518150 and 1965100?
2150
Calculate the highest common factor of 1522465 and 91.
7
Calculate the highest common divisor of 62033 and 77223787.
3649
What is the highest common factor of 512322372 and 1692?
1692
Calculate the greatest common divisor of 63153 and 1099330.
2339
What is the greatest common factor of 1025 and 44500?
25
Calculate the highest common factor of 111 and 423859679.
37
What is the greatest common divisor of 63881 and 254015?
503
Calculate the highest common divisor of 15680 and 16189120.
320
Calculate the highest common divisor of 3328 and 464620.
52
Calculate the highest common divisor of 18 and 245327226.
6
What is the greatest common divisor of 10686793 and 390185?
1069
What is the greatest common divisor of 48256 and 5405600?
928
What is the highest common divisor of 11103416 and 56?
8
What is the greatest common factor of 25097245 and 428500?
4285
Calculate the greatest common factor of 8 and 92153.
1
Calculate the greatest common divisor of 1180575 and 4356.
99
What is the greatest common factor of 418 and 2172544?
22
Calculate the highest common divisor of 1082 and 3644.
2
What is the greatest common factor of 23259 and 1146?
3
Calculate the greatest common divisor of 1580956 and 52.
52
What is the highest common divisor of 358 and 94264085?
179
Calculate the greatest common factor of 460 and 15626545.
115
Calculate the highest common factor of 183567 and 12685.
43
What is the highest common divisor of 1483653 and 13338?
57
Calculate the highest common divisor of 27912 and 57990.
6
Calculate the greatest common divisor of 90 and 7473402.
18
Calculate the greatest common factor of 7317805 and 110.
55
What is the greatest common divisor of 6662853 and 639?
639
What is the greatest common factor of 615 and 71398056?
123
Calculate the greatest common factor of 376 and 375970672.
376
What is the greatest common factor of 57831004 and 308?
308
What is the greatest common factor of 20225344 and 5396?
284
What is the highest common divisor of 162 and 205476588?
162
Calculate the highest common divisor of 2466 and 37974.
6
Calculate the highest common factor of 108748497 and 1287.
429
What is the greatest common divisor of 533 and 1479647?
13
Calculate the highest common divisor of 31898 and 673384.
82
Calculate the greatest common factor of 1581701 and 594.
11
Calculate the highest common factor of 14095 and 7693051.
2819
Calculate the highest common divisor of 1468 and 13413483.
367
Calculate the greatest common factor of 1291980 and 13.
1
What is the greatest common divisor of 4190374 and 114?
38
What is the highest common factor of 99609573 and 506?
23
What is the highest common divisor of 16931670 and 270?
30
Calculate the highest common factor of 13754 and 55285790.
1058
Calculate the highest common factor of 876231 and 450279.
459
What is the highest common factor of 2844384 and 6392?
8
What is the highest common divisor of 7937968 and 608?
16
What is the greatest common factor of 2100 and 2179884?
84
What is the highest common factor of 23858858 and 1184?
74
What is the highest common divisor of 522 and 75621096?
522
What is the highest common factor of 155 and 8728949?
31
Calculate the greatest common factor of 183629144 and 32.
8
Calculate the greatest common divisor of 15892 and 169420639.
3973
Calculate the highest common divisor of 62348440 and 88.
88
Calculate the highest common divisor of 95129 and 1420158.
251
Calculate the highest common factor of 260010384 and 402.
402
Calculate the greatest common divisor of 9158 and 2337380.
38
Calculate the highest common factor of 84135 and 226019.
79
What is the highest common factor of 2674 and 239764?
14
What is the greatest common divisor of 123 and 85815?
3
Calculate the highest common divisor of 195 and 568451.
13
What is the greatest common divisor of 710269150 and 550?
50
Calculate the highest common divisor of 4327931 and 29.
29
What is the greatest common divisor of 10420232 and 4674?
82
Calculate the highest common divisor of 32742 and 730864.
34
What is the greatest common factor of 4665728 and 224?
32
What is the highest common divi